{"id":3848,"date":"2023-04-01T00:36:35","date_gmt":"2023-04-01T03:36:35","guid":{"rendered":"https:\/\/9dejulio-tuc.infd.edu.ar\/sitio\/?page_id=3848"},"modified":"2023-04-01T16:39:27","modified_gmt":"2023-04-01T19:39:27","slug":"horarios-de-cada-materia-2023","status":"publish","type":"page","link":"https:\/\/9dejulio-tuc.infd.edu.ar\/sitio\/horarios-de-cada-materia-2023\/","title":{"rendered":"Horarios de cada materia 2023"},"content":{"rendered":"\n<p><\/p>\n\n\n\n<p><\/p>\n\n\n\n<figure class=\"wp-block-image size-large is-resized\"><img decoding=\"async\" loading=\"lazy\" src=\"https:\/\/9dejulio-tuc.infd.edu.ar\/sitio\/wp-content\/uploads\/2023\/04\/pexels-anna-nekrashevich-7550886-1267x1900.jpg\" alt=\"\" class=\"wp-image-3851\" width=\"560\" height=\"839\" srcset=\"https:\/\/9dejulio-tuc.infd.edu.ar\/sitio\/wp-content\/uploads\/2023\/04\/pexels-anna-nekrashevich-7550886-1267x1900.jpg 1267w, https:\/\/9dejulio-tuc.infd.edu.ar\/sitio\/wp-content\/uploads\/2023\/04\/pexels-anna-nekrashevich-7550886-667x1000.jpg 667w, https:\/\/9dejulio-tuc.infd.edu.ar\/sitio\/wp-content\/uploads\/2023\/04\/pexels-anna-nekrashevich-7550886-768x1152.jpg 768w, https:\/\/9dejulio-tuc.infd.edu.ar\/sitio\/wp-content\/uploads\/2023\/04\/pexels-anna-nekrashevich-7550886-1024x1536.jpg 1024w, https:\/\/9dejulio-tuc.infd.edu.ar\/sitio\/wp-content\/uploads\/2023\/04\/pexels-anna-nekrashevich-7550886-1365x2048.jpg 1365w, https:\/\/9dejulio-tuc.infd.edu.ar\/sitio\/wp-content\/uploads\/2023\/04\/pexels-anna-nekrashevich-7550886-scaled.jpg 1707w\" sizes=\"(max-width: 560px) 100vw, 560px\" \/><\/figure>\n\n\n\n<p><strong><mark style=\"background-color:rgba(0, 0, 0, 0)\" class=\"has-inline-color has-accent-color\">Estimados alumnos\/as aqu\u00ed pueden consultar los horarios de las distintas materias<\/mark><\/strong><\/p>\n\n\n\n<p><a href=\"https:\/\/drive.google.com\/file\/d\/1jbfovPcCKOOxieWyIl8dnpeQeqUXoBF0\/view?usp=sharing\">PROF. DE HISTORIA<\/a><\/p>\n\n\n\n<p><a href=\"https:\/\/drive.google.com\/file\/d\/1BBs5p-KeC_ROO3XwdDDPBh9oCvVTOEsl\/view?usp=sharing\">PROF. DE PRIMARIA<\/a><\/p>\n\n\n\n<p><a href=\"https:\/\/drive.google.com\/file\/d\/1TeMNsEAoCdWo9RhP7qa4Nkkis8iDD8WT\/view?usp=sharing\">PROF. EN TECNOLOG\u00cdA<\/a><\/p>\n\n\n\n<p><a href=\"https:\/\/drive.google.com\/file\/d\/1BLtfu1LahkhwtF8GxXx88ZQcB1UgmNtZ\/view?usp=sharing\">TEC EN ADMINISTRACI\u00d3N<\/a><\/p>\n\n\n\n<p><a href=\"https:\/\/drive.google.com\/file\/d\/1oFzAFnqAlcdkpIG2DcFaPRNWhqurE9D3\/view?usp=sharing\">TEC. EN DESARROLLO DE SOFTWARE<\/a><\/p>\n","protected":false},"excerpt":{"rendered":"<p>Estimados alumnos\/as aqu\u00ed pueden consultar los horarios de las distintas materias PROF. DE HISTORIA PROF. DE PRIMARIA PROF. EN TECNOLOG\u00cdA TEC EN ADMINISTRACI\u00d3N TEC. EN DESARROLLO DE SOFTWARE<\/p>\n","protected":false},"author":837,"featured_media":0,"parent":0,"menu_order":0,"comment_status":"closed","ping_status":"closed","template":"","meta":[],"acf":[],"_links":{"self":[{"href":"https:\/\/9dejulio-tuc.infd.edu.ar\/sitio\/wp-json\/wp\/v2\/pages\/3848"}],"collection":[{"href":"https:\/\/9dejulio-tuc.infd.edu.ar\/sitio\/wp-json\/wp\/v2\/pages"}],"about":[{"href":"https:\/\/9dejulio-tuc.infd.edu.ar\/sitio\/wp-json\/wp\/v2\/types\/page"}],"author":[{"embeddable":true,"href":"https:\/\/9dejulio-tuc.infd.edu.ar\/sitio\/wp-json\/wp\/v2\/users\/837"}],"replies":[{"embeddable":true,"href":"https:\/\/9dejulio-tuc.infd.edu.ar\/sitio\/wp-json\/wp\/v2\/comments?post=3848"}],"version-history":[{"count":3,"href":"https:\/\/9dejulio-tuc.infd.edu.ar\/sitio\/wp-json\/wp\/v2\/pages\/3848\/revisions"}],"predecessor-version":[{"id":3854,"href":"https:\/\/9dejulio-tuc.infd.edu.ar\/sitio\/wp-json\/wp\/v2\/pages\/3848\/revisions\/3854"}],"wp:attachment":[{"href":"https:\/\/9dejulio-tuc.infd.edu.ar\/sitio\/wp-json\/wp\/v2\/media?parent=3848"}],"curies":[{"name":"wp","href":"https:\/\/api.w.org\/{rel}","templated":true}]}}