{"id":2520,"date":"2021-07-12T21:28:19","date_gmt":"2021-07-13T00:28:19","guid":{"rendered":"https:\/\/9dejulio-tuc.infd.edu.ar\/sitio\/?page_id=2520"},"modified":"2022-08-13T00:44:04","modified_gmt":"2022-08-13T03:44:04","slug":"programas-disponibles-para-rendir","status":"publish","type":"page","link":"https:\/\/9dejulio-tuc.infd.edu.ar\/sitio\/programas-disponibles-para-rendir\/","title":{"rendered":"Programas 2021"},"content":{"rendered":"<p><img decoding=\"async\" loading=\"lazy\" class=\"alignnone wp-image-2523\" src=\"https:\/\/9dejulio-tuc.infd.edu.ar\/sitio\/wp-content\/uploads\/2021\/07\/pro-1000x454.jpg\" alt=\"\" width=\"429\" height=\"195\" srcset=\"https:\/\/9dejulio-tuc.infd.edu.ar\/sitio\/wp-content\/uploads\/2021\/07\/pro-1000x454.jpg 1000w, https:\/\/9dejulio-tuc.infd.edu.ar\/sitio\/wp-content\/uploads\/2021\/07\/pro-768x349.jpg 768w, https:\/\/9dejulio-tuc.infd.edu.ar\/sitio\/wp-content\/uploads\/2021\/07\/pro-1900x863.jpg 1900w\" sizes=\"(max-width: 429px) 100vw, 429px\" \/><\/p>\n<p><em><strong>Aqu\u00ed puede consultar los programas&nbsp; 2021 de cada materia y de cada carrera<\/strong><\/em><\/p>\n<ul>\n<li style=\"text-align: left;\"><a href=\"https:\/\/drive.google.com\/drive\/folders\/1EpPasPmHcnWwXqufyBf9joN7b78SeY9K?usp=sharing\">PROF. EDUC. PRIMARIA<\/a><\/li>\n<li style=\"text-align: left;\"><a href=\"https:\/\/drive.google.com\/drive\/folders\/1AoSGnnDIBlm8AOZJnN775BjvKWMxGYdP?usp=sharing\">PROF. EN EDUC. SECUNDARIA DE HISTORIA<\/a><\/li>\n<li style=\"text-align: left;\"><a href=\"https:\/\/drive.google.com\/drive\/folders\/17ElK-Iz0D62lSbx4pqG8V8jp3b-MWzzF?usp=sharing\">PROF. DE EDUCACI\u00d3N TECNOL\u00d3GICA<\/a><\/li>\n<li style=\"text-align: left;\"><a href=\"https:\/\/drive.google.com\/drive\/folders\/1ty25cdXA4W_Fn00D_gih4KS0EVk1b_Gu?usp=sharing\">TEC. SUP. ADMINISTRACI\u00d3N DE EMPRESAS<\/a><\/li>\n<li style=\"text-align: left;\"><a href=\"https:\/\/drive.google.com\/drive\/folders\/1JDsawAKbDqItzqJM_33enrOUys3ldKsA?usp=sharing\">TEC. SUP. DESARROLLO DE SOFTWARE<\/a><\/li>\n<\/ul>\n\n\n<p><\/p>\n","protected":false},"excerpt":{"rendered":"<p>Aqu\u00ed puede consultar los programas&nbsp; 2021 de cada materia y de cada carrera PROF. EDUC. PRIMARIA PROF. EN EDUC. SECUNDARIA DE HISTORIA PROF. DE EDUCACI\u00d3N TECNOL\u00d3GICA TEC. SUP. ADMINISTRACI\u00d3N DE EMPRESAS TEC. SUP. DESARROLLO DE SOFTWARE<\/p>\n","protected":false},"author":837,"featured_media":0,"parent":0,"menu_order":0,"comment_status":"closed","ping_status":"closed","template":"","meta":[],"acf":[],"_links":{"self":[{"href":"https:\/\/9dejulio-tuc.infd.edu.ar\/sitio\/wp-json\/wp\/v2\/pages\/2520"}],"collection":[{"href":"https:\/\/9dejulio-tuc.infd.edu.ar\/sitio\/wp-json\/wp\/v2\/pages"}],"about":[{"href":"https:\/\/9dejulio-tuc.infd.edu.ar\/sitio\/wp-json\/wp\/v2\/types\/page"}],"author":[{"embeddable":true,"href":"https:\/\/9dejulio-tuc.infd.edu.ar\/sitio\/wp-json\/wp\/v2\/users\/837"}],"replies":[{"embeddable":true,"href":"https:\/\/9dejulio-tuc.infd.edu.ar\/sitio\/wp-json\/wp\/v2\/comments?post=2520"}],"version-history":[{"count":5,"href":"https:\/\/9dejulio-tuc.infd.edu.ar\/sitio\/wp-json\/wp\/v2\/pages\/2520\/revisions"}],"predecessor-version":[{"id":3081,"href":"https:\/\/9dejulio-tuc.infd.edu.ar\/sitio\/wp-json\/wp\/v2\/pages\/2520\/revisions\/3081"}],"wp:attachment":[{"href":"https:\/\/9dejulio-tuc.infd.edu.ar\/sitio\/wp-json\/wp\/v2\/media?parent=2520"}],"curies":[{"name":"wp","href":"https:\/\/api.w.org\/{rel}","templated":true}]}}