{"id":2290,"date":"2021-03-30T21:12:40","date_gmt":"2021-03-31T00:12:40","guid":{"rendered":"https:\/\/9dejulio-tuc.infd.edu.ar\/sitio\/?page_id=2290"},"modified":"2021-04-02T12:38:25","modified_gmt":"2021-04-02T15:38:25","slug":"para-alumnos-de-1er-ano","status":"publish","type":"page","link":"https:\/\/9dejulio-tuc.infd.edu.ar\/sitio\/para-alumnos-de-1er-ano\/","title":{"rendered":"Aprender a usar el Aula Virtual"},"content":{"rendered":"<p>La instituci\u00f3n te brinda una plataforma virtual educativa. All\u00ed podr\u00e1s encontrar una serie de videos para ir conociendo este recurso nuevo. A lo largo del a\u00f1o utilizar\u00e1s la plataforma dado que cada materia que cursas tiene su aula. Los docentes subir\u00e1n las consignas a seguir, respetando un tiempo para cada una.<\/p>\n<p><img decoding=\"async\" loading=\"lazy\" class=\"alignnone size-full wp-image-2291 aligncenter\" src=\"https:\/\/9dejulio-tuc.infd.edu.ar\/sitio\/wp-content\/uploads\/2021\/03\/youtube.png\" alt=\"\" width=\"285\" height=\"177\" \/><\/p>\n<p style=\"text-align: center;\"><strong>Canal de YouTube Educativo:<\/strong>\u00a0<a href=\"https:\/\/www.youtube.com\/playlist?list=PLGtUk16FG9DrkTqXv2YRqwOevXUFxqJKB\">https:\/\/www.youtube.com\/playlist?list=PLGtUk16FG9DrkTqXv2YRqwOevXUFxqJKB<\/a><\/p>\n<p style=\"text-align: center;\">\n<p>&nbsp;<\/p>\n<p>&nbsp;<\/p>\n","protected":false},"excerpt":{"rendered":"<p>La instituci\u00f3n te brinda una plataforma virtual educativa. All\u00ed podr\u00e1s encontrar una serie de videos para ir conociendo este recurso nuevo. A lo largo del a\u00f1o utilizar\u00e1s la plataforma dado que cada materia que cursas tiene su aula. Los docentes subir\u00e1n las consignas a seguir, respetando un tiempo para cada una. Canal de YouTube Educativo:\u00a0https:\/\/www.youtube.com\/playlist?list=PLGtUk16FG9DrkTqXv2YRqwOevXUFxqJKB &#8230; <a title=\"Aprender a usar el Aula Virtual\" class=\"read-more\" href=\"https:\/\/9dejulio-tuc.infd.edu.ar\/sitio\/para-alumnos-de-1er-ano\/\" aria-label=\"More on Aprender a usar el Aula Virtual\">[+]<\/a><\/p>\n","protected":false},"author":837,"featured_media":0,"parent":0,"menu_order":0,"comment_status":"closed","ping_status":"closed","template":"","meta":[],"acf":[],"_links":{"self":[{"href":"https:\/\/9dejulio-tuc.infd.edu.ar\/sitio\/wp-json\/wp\/v2\/pages\/2290"}],"collection":[{"href":"https:\/\/9dejulio-tuc.infd.edu.ar\/sitio\/wp-json\/wp\/v2\/pages"}],"about":[{"href":"https:\/\/9dejulio-tuc.infd.edu.ar\/sitio\/wp-json\/wp\/v2\/types\/page"}],"author":[{"embeddable":true,"href":"https:\/\/9dejulio-tuc.infd.edu.ar\/sitio\/wp-json\/wp\/v2\/users\/837"}],"replies":[{"embeddable":true,"href":"https:\/\/9dejulio-tuc.infd.edu.ar\/sitio\/wp-json\/wp\/v2\/comments?post=2290"}],"version-history":[{"count":4,"href":"https:\/\/9dejulio-tuc.infd.edu.ar\/sitio\/wp-json\/wp\/v2\/pages\/2290\/revisions"}],"predecessor-version":[{"id":2297,"href":"https:\/\/9dejulio-tuc.infd.edu.ar\/sitio\/wp-json\/wp\/v2\/pages\/2290\/revisions\/2297"}],"wp:attachment":[{"href":"https:\/\/9dejulio-tuc.infd.edu.ar\/sitio\/wp-json\/wp\/v2\/media?parent=2290"}],"curies":[{"name":"wp","href":"https:\/\/api.w.org\/{rel}","templated":true}]}}