{"id":1150,"date":"2018-11-07T21:08:33","date_gmt":"2018-11-08T00:08:33","guid":{"rendered":"https:\/\/9dejulio-tuc.infd.edu.ar\/sitio\/?page_id=1150"},"modified":"2018-11-07T21:08:33","modified_gmt":"2018-11-08T00:08:33","slug":"muestra-de-prof-en-historia","status":"publish","type":"page","link":"https:\/\/9dejulio-tuc.infd.edu.ar\/sitio\/muestra-de-prof-en-historia\/","title":{"rendered":"Muestra de Prof. en Historia"},"content":{"rendered":"<h3>Profesorado de Educaci\u00f3n Secundaria en Historia<\/h3>\n<p>Mi\u00e9rcoles 31 de Octubre de 2018<br \/>\n19:00 a 21:00 Socializaci\u00f3n Trabajos de Sociolog\u00eda de la Educaci\u00f3n. Propuesta del Espacio Curricular: Sociolog\u00eda de la Educaci\u00f3n- 2\u00b0 a\u00f1o.<br \/>\nDocente Responsable: Prof. Brenda Coria Mu\u00f1\u00f3z<\/p>\n<p>19:00 a 22:30 Ponencias y Rese\u00f1as Bibliogr\u00e1ficas. Trabajos de Investigaci\u00f3n Hist\u00f3rica. Propuesta de los Espacios Curriculares: Historia Argentina III, Historia Mundial IV, Metodolog\u00eda y T\u00e9cnicas de la Investigaci\u00f3n e Historia del Arte- 3\u00b0 a 4\u00b0 a\u00f1o.<br \/>\nDocentes Responsables: Prof. Pablo Mena, Prof. Dr. Francisco Bolsi y Dr. Facundo Nanni<\/p>\n<div id=\"metaslider-id-1151\" style=\"max-width: 1100px; margin: 0 auto;\" class=\"ml-slider-3-33-0 metaslider metaslider-flex metaslider-1151 ml-slider ms-theme-default\" role=\"region\" aria-roledescription=\"Slideshow\" aria-label=\"Slideshow\">\n    <div id=\"metaslider_container_1151\">\n        <div id=\"metaslider_1151\" class=\"flexslider\">\n            <ul aria-live=\"polite\" class=\"slides\">\n                <li style=\"display: block; width: 100%;\" class=\"slide-1160 ms-image\" aria-roledescription=\"slide\" aria-label=\"slide-1160\"><img width=\"1032\" height=\"774\" src=\"https:\/\/9dejulio-tuc.infd.edu.ar\/sitio\/wp-content\/uploads\/2018\/11\/WhatsApp-Image-2018-11-01-at-00.12.09.jpeg\" class=\"slider-1151 slide-1160\" alt=\"\" decoding=\"async\" loading=\"lazy\" rel=\"\" title=\"WhatsApp Image 2018-11-01 at 00.12.09\" style=\"margin: 0 auto; width: 66.666666666667%\" srcset=\"https:\/\/9dejulio-tuc.infd.edu.ar\/sitio\/wp-content\/uploads\/2018\/11\/WhatsApp-Image-2018-11-01-at-00.12.09.jpeg 1032w, https:\/\/9dejulio-tuc.infd.edu.ar\/sitio\/wp-content\/uploads\/2018\/11\/WhatsApp-Image-2018-11-01-at-00.12.09-1000x750.jpeg 1000w, https:\/\/9dejulio-tuc.infd.edu.ar\/sitio\/wp-content\/uploads\/2018\/11\/WhatsApp-Image-2018-11-01-at-00.12.09-768x576.jpeg 768w\" sizes=\"(max-width: 1032px) 100vw, 1032px\" \/><\/li>\n                <li style=\"display: none; width: 100%;\" class=\"slide-1159 ms-image\" aria-roledescription=\"slide\" aria-label=\"slide-1159\"><img width=\"774\" height=\"1032\" src=\"https:\/\/9dejulio-tuc.infd.edu.ar\/sitio\/wp-content\/uploads\/2018\/11\/WhatsApp-Image-2018-11-01-at-00.12.08.jpeg\" class=\"slider-1151 slide-1159\" alt=\"\" decoding=\"async\" loading=\"lazy\" rel=\"\" title=\"WhatsApp Image 2018-11-01 at 00.12.08\" style=\"margin: 0 auto; width: 37.5%\" srcset=\"https:\/\/9dejulio-tuc.infd.edu.ar\/sitio\/wp-content\/uploads\/2018\/11\/WhatsApp-Image-2018-11-01-at-00.12.08.jpeg 774w, https:\/\/9dejulio-tuc.infd.edu.ar\/sitio\/wp-content\/uploads\/2018\/11\/WhatsApp-Image-2018-11-01-at-00.12.08-750x1000.jpeg 750w, https:\/\/9dejulio-tuc.infd.edu.ar\/sitio\/wp-content\/uploads\/2018\/11\/WhatsApp-Image-2018-11-01-at-00.12.08-768x1024.jpeg 768w\" sizes=\"(max-width: 774px) 100vw, 774px\" \/><\/li>\n                <li style=\"display: none; width: 100%;\" class=\"slide-1158 ms-image\" aria-roledescription=\"slide\" aria-label=\"slide-1158\"><img width=\"1032\" height=\"774\" src=\"https:\/\/9dejulio-tuc.infd.edu.ar\/sitio\/wp-content\/uploads\/2018\/11\/WhatsApp-Image-2018-11-01-at-00.12.04.jpeg\" class=\"slider-1151 slide-1158\" alt=\"\" decoding=\"async\" loading=\"lazy\" rel=\"\" title=\"WhatsApp Image 2018-11-01 at 00.12.04\" style=\"margin: 0 auto; width: 66.666666666667%\" srcset=\"https:\/\/9dejulio-tuc.infd.edu.ar\/sitio\/wp-content\/uploads\/2018\/11\/WhatsApp-Image-2018-11-01-at-00.12.04.jpeg 1032w, https:\/\/9dejulio-tuc.infd.edu.ar\/sitio\/wp-content\/uploads\/2018\/11\/WhatsApp-Image-2018-11-01-at-00.12.04-1000x750.jpeg 1000w, https:\/\/9dejulio-tuc.infd.edu.ar\/sitio\/wp-content\/uploads\/2018\/11\/WhatsApp-Image-2018-11-01-at-00.12.04-768x576.jpeg 768w\" sizes=\"(max-width: 1032px) 100vw, 1032px\" \/><\/li>\n                <li style=\"display: none; width: 100%;\" class=\"slide-1161 ms-image\" aria-roledescription=\"slide\" aria-label=\"slide-1161\"><img width=\"1032\" height=\"774\" src=\"https:\/\/9dejulio-tuc.infd.edu.ar\/sitio\/wp-content\/uploads\/2018\/11\/WhatsApp-Image-2018-11-01-at-00.12.11.jpeg\" class=\"slider-1151 slide-1161\" alt=\"\" decoding=\"async\" loading=\"lazy\" rel=\"\" title=\"WhatsApp Image 2018-11-01 at 00.12.11\" style=\"margin: 0 auto; width: 66.666666666667%\" srcset=\"https:\/\/9dejulio-tuc.infd.edu.ar\/sitio\/wp-content\/uploads\/2018\/11\/WhatsApp-Image-2018-11-01-at-00.12.11.jpeg 1032w, https:\/\/9dejulio-tuc.infd.edu.ar\/sitio\/wp-content\/uploads\/2018\/11\/WhatsApp-Image-2018-11-01-at-00.12.11-1000x750.jpeg 1000w, https:\/\/9dejulio-tuc.infd.edu.ar\/sitio\/wp-content\/uploads\/2018\/11\/WhatsApp-Image-2018-11-01-at-00.12.11-768x576.jpeg 768w\" sizes=\"(max-width: 1032px) 100vw, 1032px\" \/><\/li>\n            <\/ul>\n        <\/div>\n        \n    <\/div>\n<\/div>\n","protected":false},"excerpt":{"rendered":"<p>Profesorado de Educaci\u00f3n Secundaria en Historia Mi\u00e9rcoles 31 de Octubre de 2018 19:00 a 21:00 Socializaci\u00f3n Trabajos de Sociolog\u00eda de la Educaci\u00f3n. Propuesta del Espacio Curricular: Sociolog\u00eda de la Educaci\u00f3n- 2\u00b0 a\u00f1o. Docente Responsable: Prof. Brenda Coria Mu\u00f1\u00f3z 19:00 a 22:30 Ponencias y Rese\u00f1as Bibliogr\u00e1ficas. Trabajos de Investigaci\u00f3n Hist\u00f3rica. Propuesta de los Espacios Curriculares: Historia &#8230; <a title=\"Muestra de Prof. en Historia\" class=\"read-more\" href=\"https:\/\/9dejulio-tuc.infd.edu.ar\/sitio\/muestra-de-prof-en-historia\/\" aria-label=\"More on Muestra de Prof. en Historia\">[+]<\/a><\/p>\n","protected":false},"author":842,"featured_media":0,"parent":0,"menu_order":0,"comment_status":"closed","ping_status":"closed","template":"","meta":[],"acf":[],"_links":{"self":[{"href":"https:\/\/9dejulio-tuc.infd.edu.ar\/sitio\/wp-json\/wp\/v2\/pages\/1150"}],"collection":[{"href":"https:\/\/9dejulio-tuc.infd.edu.ar\/sitio\/wp-json\/wp\/v2\/pages"}],"about":[{"href":"https:\/\/9dejulio-tuc.infd.edu.ar\/sitio\/wp-json\/wp\/v2\/types\/page"}],"author":[{"embeddable":true,"href":"https:\/\/9dejulio-tuc.infd.edu.ar\/sitio\/wp-json\/wp\/v2\/users\/842"}],"replies":[{"embeddable":true,"href":"https:\/\/9dejulio-tuc.infd.edu.ar\/sitio\/wp-json\/wp\/v2\/comments?post=1150"}],"version-history":[{"count":2,"href":"https:\/\/9dejulio-tuc.infd.edu.ar\/sitio\/wp-json\/wp\/v2\/pages\/1150\/revisions"}],"predecessor-version":[{"id":1163,"href":"https:\/\/9dejulio-tuc.infd.edu.ar\/sitio\/wp-json\/wp\/v2\/pages\/1150\/revisions\/1163"}],"wp:attachment":[{"href":"https:\/\/9dejulio-tuc.infd.edu.ar\/sitio\/wp-json\/wp\/v2\/media?parent=1150"}],"curies":[{"name":"wp","href":"https:\/\/api.w.org\/{rel}","templated":true}]}}